ppose -5*b - 86 = -41. What is the remainder when 47 is divided by w(b)?
11
Let i(u) = u**2 - 9*u + 9. Let k be i(6). Let v = 38 - k. Suppose -b - 5*a = -25, -5*b + 0*a + v = -a. What is the remainder when b is divided by 4?
2
Let t = -319 - -133. Let j = 91 + t. Let u = 138 + j. What is the remainder when u is divided by 11?
10
Suppose z - 71 = 2*p, -22 = -5*z + 3*p + 305. Let y = 40 + z. Calculate the remainder when y is divided by 26.
25
Let i = -16 - -29. Let j = i - 13. Suppose j = 10*b - 7*b - 201. Calculate the remainder when b is divided by 17.
16
Let h be (-10)/((-28)/240 - 8/60). Calculate the remainder when 15/h + 1157/8 is divided by 21.
19
Let l(p) = 48*p - 22. Suppose -o + 5*o + 4 = 4*k, 0 = 5*o - 2*k - 4. Calculate the remainder when l(o) is divided by 11.
8
Suppose -232 = -3*d + 32. Suppose -3*j - 46 + d = 0. Calculate the remainder when j is divided by 10.
4
Suppose 11*w - 6*w - 720 = 0. Suppose 5*f = -4*n + w, -72 = -2*n + 2*f - f. Calculate the remainder when n is divided by 19.
17
Suppose -u + 1 = 3*x - 117, -3*x = 4*u - 490. Calculate the remainder when 615 is divided by u.
119
Let p be 2 + (4 - 204/(-3)). Let v = 153 - p. What is the remainder when v is divided by 27?
25
Let w(x) = 4*x + 32. Let l be w(-8). Suppose 6*m - m - 125 = l. Calculate the remainder when m is divided by 9.
7
Suppose -5*c = -20, -3*t + 663 = 6*c - 0*c. Calculate the remainder when t is divided by 11.
4
Suppose 0 = -2*g + 7*g - 85. What is the remainder when g is divided by 0 + 6/21 + 57/21?
2
Let r = 409 + -268. What is the remainder when ((-12)/(1 + 3))/((-9)/r) is divided by 12?
11
Let i = 594 - 505. Calculate the remainder when i is divided by 46.
43
Let r = 13 + -7. Calculate the remainder when -8 - (-3)/1 - (-62 + 37) is divided by r.
2
Let b(j) = -j + 1 - 5*j + 4*j + 3*j**3. Calculate the remainder when b(1) is divided by 40/22 - (-15)/(3465/42).
0
Let c = -162 + 235. Let m = -30 + c. Calculate the remainder when 82 is divided by m.
39
Let a = 17 - 15. Suppose -f + 19 = 2*j, -a*f - 57 = -5*f + 5*j. Calculate the remainder when 34 is divided by f.
15
Let a = -12 + 15. What is the remainder when -1*3/(-2)*188/a is divided by 12?
10
Suppose 0 = -3*z + r + 30, r = 3*z - 4*z + 6. Suppose 228 = z*x + 84. What is the remainder when x is divided by (-1 + 2)/((-2)/(-18))?
7
Let h = 63 + 24. Calculate the remainder when h is divided by 30.
27
Suppose 3*b - 107 = -80. Suppose -b*x = 2*x - 110. What is the remainder when 20 is divided by x?
0
Let k(x) = x - 1. Let l(r) = 2*r - 1. Let h(w) = 5*k(w) - 4*l(w). What is the remainder when h(-1) is divided by 2 - (3 - 3)*1/2?
0
Suppose 1526*d - 392 = 1518*d. Calculate the remainder when d is divided by 28.
21
Suppose c - 3*c + s = -105, -2*c - 2*s + 102 = 0. Let z = 56 - c. Calculate the remainder when z is divided by 4.
0
Let r(t) = 2*t + 14. Let q be r(-7). Let u be q/(-6) + -15 + 2. Let f = u - -17. What is the remainder when 13 is divided by f?
1
Calculate the remainder when 5 is divided by (7 - (-8 - -12)) + -2.
0
Suppose 4*q - 2*j = 92, 3*j + 6 = 5*q - 107. Suppose -2*l - 4*u = l - 47, -l - 3*u + 19 = 0. Calculate the remainder when q is divided by l.
12
Let c(x) = -x**3 + 7*x**2 + 23*x - 17. What is the remainder when 72 is divided by c(9)?
16
Let i(h) = 4*h**3 - 4*h**2 + 3*h + 1. Calculate the remainder when 134 is divided by i(1).
2
Let h(b) = -4*b**3 + 3*b**2 + 4*b + 2. Let a be h(-1). Suppose -2*f + 3*y - 60 = -5*f, 0 = -a*f + 4*y + 145. What is the remainder when 97 is divided by f?
22
Let s(w) = 2*w + 7. What is the remainder when 149 is divided by s(4)?
14
Suppose -8 = -2*i, 0*r = 4*r - i - 292. Let s = 10848 + -10826. Calculate the remainder when r is divided by s.
8
Let n(r) = -r**2 + 11*r - 5. Let u(i) = 7*i - 1. What is the remainder when n(6) is divided by u(2)?
12
Let v = -207 + 254. What is the remainder when 93 is divided by v?
46
Let q = 44 + -29. What is the remainder when (74/2 - 1) + q/(-15) is divided by 20?
15
Let u(k) = k - 1. Calculate the remainder when ((-190)/30 - 3)*(-3)/4 is divided by u(5).
3
Let g = -42 + 18. Let k = 24 + g. Suppose -4*u = -k*u - 316. What is the remainder when u is divided by 27?
25
Suppose -6*f + 5*f + 127 = 0. Suppose 2*i = 3*p - f - 9, 128 = 3*p + 2*i. What is the remainder when p is divided by 9?
8
Let a(m) = -m + 303. Calculate the remainder when a(16) is divided by 58.
55
Let t = -41 + 28. What is the remainder when 113 is divided by (t/26)/(1/(-46))?
21
Let o = -725 + 756. Calculate the remainder when o is divided by 21.
10
Let r = -29 + 56. Let o(l) = 78*l**2 - l + 1. Calculate the remainder when o(1) is divided by r.
24
Suppose 2*o - 73 = 31. Suppose f - 2*g = 16, -o = -2*f - 2*f + 5*g. Suppose 5*m = 28 - f. What is the remainder when 6 is divided by m?
2
Let w be ((-825)/20)/((-3)/8). Suppose 0 = 8*a - 3*a - w. Calculate the remainder when 64 is divided by a.
20
Let u(s) = s + 3. Let c be u(-3). Suppose 9 = -4*i + 29. Let b = i - c. Calculate the remainder when 8 is divided by b.
3
Calculate the remainder when 76/(-8)*(-60 + 26) is divided by 65.
63
Suppose 4*n + 5*v = 87, 0 = 4*v - 4 + 8. Calculate the remainder when n is divided by 20.
3
Suppose -447 = 10*a - 557. Calculate the remainder when 1/3 + 186/9 is divided by a.
10
Let x = -22 + 45. Let m = x - 14. Suppose -h + 36 = 3*c + m, -5*c = -10. Calculate the remainder when 62 is divided by h.
20
Let z(d) = -d**2 + 9*d - 11. Let t be z(5). Suppose -12*b = -t*b - 69. Calculate the remainder when 89 is divided by b.
20
Suppose 0 = -6*n + 3*n - 4*r + 52, 3*n - 2*r - 46 = 0. Calculate the remainder when 139 is divided by n.
11
Suppose -5*s + 50 = -0. Calculate the remainder when (-2 - (-14)/8)/(20/(-1360)) is divided by s.
7
Let c = 1 - -12. Suppose 5*q + 505 - 512 = -4*h, 5*h = -5*q + 10. Calculate the remainder when c is divided by h.
1
Let c = 410 - 400. Calculate the remainder when 48 is divided by c.
8
Let g(m) = -m**2 + 5*m + 4. Let o be g(5). Suppose -3*l + 0*l - 5*y + 314 = 0, o*l - 430 = -y. Let q = l + -45. Calculate the remainder when q is divided by 22.
19
Let v be (-1*(2 - 2))/3. Suppose 6*y - 2*y - 212 = v. Suppose 4 + y = 3*x. Calculate the remainder when 75 is divided by x.
18
Let k(v) = v**3 - 16*v**2 - 5. Let t be k(16). Calculate the remainder when (-1)/(1 + 6/t) is divided by 4.
1
Let a(x) = 2*x + 31. Let y(o) = -o**2 + 19*o + 41. What is the remainder when y(18) is divided by a(-8)?
14
Let s = -37 + 20. Let v = s + 20. Suppose 0 = -v*t + 3*p - 0*p + 69, t = -4*p + 8. What is the remainder when 38 is divided by t?
18
Let o(s) = s**2 - 7*s + 6. Let a be o(7). Suppose b = -b + a. Suppose -n = 4*k - 9, -b*n + k + k + 13 = 0. Calculate the remainder when 13 is divided by n.
3
What is the remainder when (2 - 1)/((-2)/(-6)) is divided by -1*(-1)/(-4) + 78/24?
0
Let w = 250 - -44. Calculate the remainder when w is divided by 33.
30
Let r(j) be the second derivative of -11*j**6/720 - j**4/2 - 2*j. Let p(t) be the third derivative of r(t). What is the remainder when 21 is divided by p(-1)?
10
Suppose -d = 2*u - 7*u + 202, -3*d = -4*u + 166. Calculate the remainder when u is divided by 6.
4
Suppose 2*m = 4*g + 16, -m + 3*m - 14 = 5*g. Suppose 5*n = 2*u + 3*u - 30, -2*u + m = 4*n. What is the remainder when 22 is divided by u?
4
Let o(u) = 8*u**2 - 2*u - 26. What is the remainder when o(6) is divided by 64?
58
Let c be (5 + -3 - 0)*-67. Let y = -129 - c. What is the remainder when y is divided by 1?
0
Suppose 2*z - 159 = -z. What is the remainder when z is divided by (3/2)/(45/30)*14?
11
Let g(i) = -8*i + 42. Let r be g(-5). Suppose -4*w + r - 14 = 0. Calculate the remainder when 23 is divided by w.
6
Let c(p) = 2*p**2 - 6*p - 4. Calculate the remainder when c(5) is divided by (-30)/(-4) + (-39)/(-26).
7
Suppose 0 = -0*b + 5*b - 4*w - 38, 3*b = 5*w + 15. Suppose -9*o + 199 + 62 = 0. What is the remainder when o is divided by b?
9
Let z = 1002 + -992. Calculate the remainder when 159 is divided by z.
9
Let k(t) = t**3 - 5*t**2 - 14*t + 6. Suppose -5*v + 56 = 21. What is the remainder when 41 is divided by k(v)?
5
Calculate the remainder when (4 - 52 - -3)*(-180)/10 is divided by 22.
18
What is the remainder when (2652/195)/((-2)/(-15)) is divided by 21?
18
Suppose -936 = -4*k - 20*k. W